{"id":2008,"date":"2026-01-03T10:41:19","date_gmt":"2026-01-03T10:41:19","guid":{"rendered":"https:\/\/www.nowherb.pro\/?page_id=2008"},"modified":"2026-01-04T09:54:53","modified_gmt":"2026-01-04T09:54:53","slug":"hakkimizda","status":"publish","type":"page","link":"http:\/\/www.nowherb.pro\/?page_id=2008&lang=tr","title":{"rendered":"Hakk\u0131m\u0131zda"},"content":{"rendered":"\t\t<div data-elementor-type=\"wp-page\" data-elementor-id=\"2008\" class=\"elementor elementor-2008\" data-elementor-post-type=\"page\">\n\t\t\t\t\t\t<section class=\"elementor-section elementor-top-section elementor-element elementor-element-5b0370f elementor-section-full_width elementor-section-height-default elementor-section-height-default\" data-id=\"5b0370f\" data-element_type=\"section\" data-e-type=\"section\">\n\t\t\t\t\t\t<div class=\"elementor-container elementor-column-gap-no\">\n\t\t\t\t\t<div class=\"elementor-column elementor-col-100 elementor-top-column elementor-element elementor-element-6dcf525\" data-id=\"6dcf525\" data-element_type=\"column\" data-e-type=\"column\">\n\t\t\t<div class=\"elementor-widget-wrap elementor-element-populated\">\n\t\t\t\t\t\t<div class=\"elementor-element elementor-element-825d744 elementor-widget elementor-widget-kaffen-started\" data-id=\"825d744\" data-element_type=\"widget\" data-e-type=\"widget\" data-widget_type=\"kaffen-started.default\">\n\t\t\t\t<div class=\"elementor-widget-container\">\n\t\t\t\t\t\n    <!-- Section Started Inner -->\n    <section class=\"section kf-started-inner\">\n      <div class=\"kf-parallax-bg js-parallax\" style=\"background-image: url('http:\/\/www.nowherb.pro\/wp-content\/uploads\/2025\/12\/86d85e98-18cd-4a04-b4b1-63f38c64022c.jpg');\"><\/div>\n\t  <div class=\"container\">\n                <h1 class=\"kf-h-title text-anim-1 scroll-animate\" data-splitting=\"chars\" data-animate=\"active\">\n          <span >\n            Hakk\u0131m\u0131zda          <\/span>\n        <\/h1>\n        \n\t\t\t\t<ul class=\"kf-breadcrumbs\"><li><a href=\"http:\/\/www.nowherb.pro\" title=\"nowherb.pro\">Home<\/a><\/li><li class=\"tst-active\"><a><\/a><\/li><\/ul>      <\/div>\n    <\/section>\n\n\t\t\t\t\t\t<\/div>\n\t\t\t\t<\/div>\n\t\t\t\t\t<\/div>\n\t\t<\/div>\n\t\t\t\t\t<\/div>\n\t\t<\/section>\n\t\t\t\t<section class=\"elementor-section elementor-top-section elementor-element elementor-element-6c0d832 elementor-section-full_width elementor-section-height-default elementor-section-height-default\" data-id=\"6c0d832\" data-element_type=\"section\" data-e-type=\"section\">\n\t\t\t\t\t\t<div class=\"elementor-container elementor-column-gap-no\">\n\t\t\t\t\t<div class=\"elementor-column elementor-col-100 elementor-top-column elementor-element elementor-element-ea5bc08\" data-id=\"ea5bc08\" data-element_type=\"column\" data-e-type=\"column\">\n\t\t\t<div class=\"elementor-widget-wrap elementor-element-populated\">\n\t\t\t\t\t\t<div class=\"elementor-element elementor-element-c230a1e elementor-widget elementor-widget-kaffen-about-benefits\" data-id=\"c230a1e\" data-element_type=\"widget\" data-e-type=\"widget\" data-widget_type=\"kaffen-about-benefits.default\">\n\t\t\t\t<div class=\"elementor-widget-container\">\n\t\t\t\t\t\n    <!-- Section Choose -->\n    <section class=\"section kf-choose kf-choose-2\">\n      <div class=\"container\">\n        \n        <div class=\"row\">\n\t\t\t\t\t\n          <div class=\"col-xs-12 col-sm-12 col-md-12 col-lg-5 align-self-center\">\n                        <div class=\"kf-titles\">\n                            <div class=\"kf-subtitle element-anim-1 scroll-animate\" data-animate=\"active\">\n                <span >\n                  \u015eirket hakk\u0131nda                <\/span>\n              <\/div>\n                                          <h3 class=\"kf-title element-anim-1 scroll-animate\" data-animate=\"active\">\n                <span >\n                  Now Herb Pro                <\/span>\n              <\/h3>\n                          <\/div>\n            \n                        <div class=\"kf-text element-anim-1 scroll-animate\" data-animate=\"active\">\n              <div >\n                <p>NOW HERB PRO, profesyonel do\u011fal \u00fcr\u00fcnler alan\u0131ndaki yat\u0131r\u0131mlarda uzmanla\u015fm\u0131\u015ft\u0131r.<\/p><p>\u015eirket, do\u011fal \u00fcr\u00fcnler, besin takviyeleri ve ilgili kozmetik \u00fcr\u00fcnleri \u00fcreten ve pazarlayan markalar olu\u015fturmaya odaklanmaktad\u0131r.<\/p><p>\u015eirket, do\u011fal bitkisel k\u00f6kenli hammaddelerin \u00fcretimi ve pazarlamas\u0131yla ilgilenmektedir.<\/p><p>Haz\u0131rl\u0131klar\u0131nda kullan\u0131lan hammaddeler, \u015firket taraf\u0131ndan \u00fcretilmekte veya T\u00fcrk devletinin anayasas\u0131 ve protokollerine uygun olarak men\u015fe \u00fclkelerinde yayg\u0131n olarak bulunan do\u011fal \u015fifal\u0131 bitkilerden elde edilmektedir. \u015eirket, uzmanla\u015fm\u0131\u015f merkezlerde, web sitelerinde, sosyal medya platformlar\u0131nda ve eczanelerde modern pazarlamaya uygun y\u00fcksek kaliteli \u00fcr\u00fcnler sunmaktad\u0131r.<\/p><p>\u015eirket, \u00f6zellikle uluslar\u0131n tarihinde ve eski t\u0131p protokollerinde yer alan ve iyile\u015ftirici etkileri kan\u0131tlanm\u0131\u015f do\u011fal \u015fifal\u0131 bitkilere \u00f6zel bir ilgi duymaktad\u0131r. \u00d6zellikle modern bilim taraf\u0131ndan do\u011frulanm\u0131\u015f peygamberlik t\u0131bb\u0131 preparatlar\u0131n\u0131n \u00fcretimine odaklanmaktad\u0131r.<\/p><p>\u015eirket, T\u00fcrkiye'de faaliyet g\u00f6stermekte ve en \u00f6nemli uluslararas\u0131 \u015firketlerle uzmanl\u0131k ve ticaret al\u0131\u015fveri\u015fi yaparak pratik k\u00fclt\u00fcr\u00fcn\u00fc ve \u00fcr\u00fcnlerini d\u00fcnyan\u0131n d\u00f6rt bir yan\u0131ndaki \u00fclkelere aktarmaktad\u0131r.<\/p>              <\/div>\n            <\/div>\n            \n                        <div class=\"kf-choose-list\">\n              <ul>\n                                <li class=\"element-anim-1 scroll-animate\" data-animate=\"active\">\n                                    <div class=\"icon\">\n                    <img decoding=\"async\" src=\"https:\/\/www.nowherb.pro\/wp-content\/uploads\/2025\/12\/RTYUTYU.png\" alt=\"icon\" \/>\n                  <\/div>\n                                                      <div class=\"desc\">\n                                        <h5 class=\"name\">\n                                              <span >\n                          En kaliteli bal \u00e7e\u015fitlerinden biri.                        <\/span>\n                                          <\/h5>\n                                                            <div class=\"subname\">\n                      <span >\n                        \u00dcr\u00fcnlerimizde kullan\u0131lan bal, tamamen do\u011fal kaynaklardan elde edilmekte ve \u015firketimizin benimsedi\u011fi standartlara uygun oldu\u011fundan emin olmak i\u00e7in laboratuvarlar\u0131m\u0131zda testlerden ge\u00e7irilmektedir.                      <\/span>\n                    <\/div>\n                                      <\/div>\n                                  <\/li>\n                                <li class=\"element-anim-1 scroll-animate\" data-animate=\"active\">\n                                    <div class=\"icon\">\n                    <img decoding=\"async\" src=\"https:\/\/www.nowherb.pro\/wp-content\/uploads\/2025\/12\/BVNV.png\" alt=\"icon\" \/>\n                  <\/div>\n                                                      <div class=\"desc\">\n                                        <h5 class=\"name\">\n                                              <span >\n                          \u00dcr\u00fcnlerimiz %100 g\u00fcvenlidir.                        <\/span>\n                                          <\/h5>\n                                                            <div class=\"subname\">\n                      <span >\n                        Geni\u015f deneyimimiz sayesinde, \u00fcr\u00fcn yelpazemizi g\u00fcvenli ve son derece etkili bir se\u00e7kiye indirgemeyi ba\u015fard\u0131k.                      <\/span>\n                    <\/div>\n                                      <\/div>\n                                  <\/li>\n                              <\/ul>\n            <\/div>\n            \n                        <a href=\"#\" class=\"kf-btn element-anim-1 scroll-animate\" data-animate=\"active\">\n              <span >\n                \u00dcr\u00fcnlerim\u0131z              <\/span>\n              <i class=\"fas fa-chevron-right\"><\/i>\n            <\/a>\n                      <\/div>\n\n\t\t\t\t\t<div class=\"col-xs-12 col-sm-12 col-md-12 col-lg-6 offset-lg-1\">\n                        <div class=\"kf-choose-image element-anim-1 scroll-animate\" data-animate=\"active\">\n              <img decoding=\"async\" src=\"http:\/\/www.nowherb.pro\/wp-content\/uploads\/2025\/12\/32d2482b-4b3c-44fa-84eb-adcfddc595a6-900x1195.jpg\" alt=\"image\" \/>\n            <\/div>\n                      <\/div>\n\n\t\t\t\t\t\n        <\/div>\n\n      <\/div>\n    <\/section>\n\n\t\t\t\t\t\t<\/div>\n\t\t\t\t<\/div>\n\t\t\t\t\t<\/div>\n\t\t<\/div>\n\t\t\t\t\t<\/div>\n\t\t<\/section>\n\t\t\t\t<\/div>\n\t\t","protected":false},"excerpt":{"rendered":"<p>Hakk\u0131m\u0131zda Home \u015eirket hakk\u0131nda Now Herb Pro NOW HERB PRO, profesyonel do\u011fal \u00fcr\u00fcnler alan\u0131ndaki yat\u0131r\u0131mlarda uzmanla\u015fm\u0131\u015ft\u0131r. \u015eirket, do\u011fal \u00fcr\u00fcnler, besin takviyeleri ve ilgili kozmetik \u00fcr\u00fcnleri \u00fcreten ve pazarlayan markalar olu\u015fturmaya odaklanmaktad\u0131r. \u015eirket, do\u011fal bitkisel k\u00f6kenli hammaddelerin \u00fcretimi ve pazarlamas\u0131yla ilgilenmektedir. Haz\u0131rl\u0131klar\u0131nda kullan\u0131lan hammaddeler, \u015firket&#8230; <\/p>\n<div class=\"readmore\"><a href=\"http:\/\/www.nowherb.pro\/?page_id=2008&#038;lang=tr\" class=\"kf-btn-link\"><span>Read more<\/span> <i class=\"fas fa-chevron-right\"><\/i><\/a><\/div>\n","protected":false},"author":1,"featured_media":0,"parent":0,"menu_order":0,"comment_status":"closed","ping_status":"closed","template":"template-layout-builder.php","meta":{"_acf_changed":false,"footnotes":""},"class_list":["post-2008","page","type-page","status-publish","hentry"],"acf":[],"_links":{"self":[{"href":"http:\/\/www.nowherb.pro\/index.php?rest_route=\/wp\/v2\/pages\/2008","targetHints":{"allow":["GET"]}}],"collection":[{"href":"http:\/\/www.nowherb.pro\/index.php?rest_route=\/wp\/v2\/pages"}],"about":[{"href":"http:\/\/www.nowherb.pro\/index.php?rest_route=\/wp\/v2\/types\/page"}],"author":[{"embeddable":true,"href":"http:\/\/www.nowherb.pro\/index.php?rest_route=\/wp\/v2\/users\/1"}],"replies":[{"embeddable":true,"href":"http:\/\/www.nowherb.pro\/index.php?rest_route=%2Fwp%2Fv2%2Fcomments&post=2008"}],"version-history":[{"count":10,"href":"http:\/\/www.nowherb.pro\/index.php?rest_route=\/wp\/v2\/pages\/2008\/revisions"}],"predecessor-version":[{"id":2018,"href":"http:\/\/www.nowherb.pro\/index.php?rest_route=\/wp\/v2\/pages\/2008\/revisions\/2018"}],"wp:attachment":[{"href":"http:\/\/www.nowherb.pro\/index.php?rest_route=%2Fwp%2Fv2%2Fmedia&parent=2008"}],"curies":[{"name":"wp","href":"https:\/\/api.w.org\/{rel}","templated":true}]}}